{"id":1643,"date":"2023-10-24T16:23:37","date_gmt":"2023-10-24T16:23:37","guid":{"rendered":"http:\/\/kwitnaca-wisnia.eu\/?page_id=1643"},"modified":"2026-01-12T16:20:13","modified_gmt":"2026-01-12T16:20:13","slug":"green-peel-fresh-up","status":"publish","type":"page","link":"http:\/\/kwitnaca-wisnia.eu\/?page_id=1643","title":{"rendered":"Green Peel Fresh up"},"content":{"rendered":"\n<p>Ta delikatna metoda bez efektu peelingu widocznie od\u015bwie\u017ca sk\u00f3r\u0119. Kr\u0105\u017cenie krwi zostaje pobudzone, pory si\u0119 otwieraj\u0105, a sk\u00f3ra jest teraz w stanie optymalnie wch\u0142on\u0105\u0107 sk\u0142adniki piel\u0119gnacyjne. Cera staje si\u0119 ja\u015bniejsza, \u015bwie\u017ca i zrelaksowana.<\/p>\n\n\n\n<p>Zalecenia do zabiegu GREEN PEEL\u00ae Fresh up:<\/p>\n\n\n\n<ul>\n<li>Zm\u0119czona sk\u00f3ra<\/li>\n\n\n\n<li>Pierwsze oznaki starzenia si\u0119 sk\u00f3ry<\/li>\n\n\n\n<li>Blada cera<\/li>\n\n\n\n<li>Zwi\u0119kszone rogowacenie<\/li>\n<\/ul>\n\n\n\n<p>Delikatny zabieg dla od\u015bwie\u017cenia i uzyskania efektu rozpromienienia sk\u00f3ry. Zio\u0142owy peeling usuwa martwe kom\u00f3rki nask\u00f3rka, pobudza kr\u0105\u017cenie krwi i otwiera pory. W ten spos\u00f3b sk\u00f3ra jest odpowiednio przygotowana i bardziej podatna na kolejne produkty piel\u0119gnacyjne. Sk\u00f3ra natychmiast zyskuje j\u0119drno\u015b\u0107 i zdrowy koloryt. Ponadto ka\u017cdy zabieg zapobiega przedwczesnemu starzeniu si\u0119 sk\u00f3ry i utracie elastyczno\u015bci, bez efektu z\u0142uszczania.<\/p>\n\n\n\n<p class=\"has-text-align-right\">Cena 330 z\u0142<\/p>\n","protected":false},"excerpt":{"rendered":"<p>Ta delikatna metoda bez efektu peelingu widocznie od\u015bwie\u017ca sk\u00f3r\u0119. Kr\u0105\u017cenie krwi zostaje pobudzone, pory si\u0119 otwieraj\u0105, a sk\u00f3ra jest teraz w stanie optymalnie wch\u0142on\u0105\u0107 sk\u0142adniki piel\u0119gnacyjne. Cera staje si\u0119 ja\u015bniejsza, \u015bwie\u017ca i zrelaksowana. Zalecenia do zabiegu GREEN PEEL\u00ae Fresh up: Delikatny zabieg dla od\u015bwie\u017cenia i uzyskania efektu rozpromienienia sk\u00f3ry. Zio\u0142owy peeling usuwa martwe kom\u00f3rki nask\u00f3rka, [&hellip;]<\/p>\n","protected":false},"author":2,"featured_media":0,"parent":0,"menu_order":0,"comment_status":"closed","ping_status":"closed","template":"","meta":{"footnotes":""},"_links":{"self":[{"href":"http:\/\/kwitnaca-wisnia.eu\/index.php?rest_route=\/wp\/v2\/pages\/1643"}],"collection":[{"href":"http:\/\/kwitnaca-wisnia.eu\/index.php?rest_route=\/wp\/v2\/pages"}],"about":[{"href":"http:\/\/kwitnaca-wisnia.eu\/index.php?rest_route=\/wp\/v2\/types\/page"}],"author":[{"embeddable":true,"href":"http:\/\/kwitnaca-wisnia.eu\/index.php?rest_route=\/wp\/v2\/users\/2"}],"replies":[{"embeddable":true,"href":"http:\/\/kwitnaca-wisnia.eu\/index.php?rest_route=%2Fwp%2Fv2%2Fcomments&post=1643"}],"version-history":[{"count":2,"href":"http:\/\/kwitnaca-wisnia.eu\/index.php?rest_route=\/wp\/v2\/pages\/1643\/revisions"}],"predecessor-version":[{"id":1905,"href":"http:\/\/kwitnaca-wisnia.eu\/index.php?rest_route=\/wp\/v2\/pages\/1643\/revisions\/1905"}],"wp:attachment":[{"href":"http:\/\/kwitnaca-wisnia.eu\/index.php?rest_route=%2Fwp%2Fv2%2Fmedia&parent=1643"}],"curies":[{"name":"wp","href":"https:\/\/api.w.org\/{rel}","templated":true}]}}