{"id":202,"date":"2015-10-16T11:48:01","date_gmt":"2015-10-16T11:48:01","guid":{"rendered":"http:\/\/kwitnaca-wisnia.eu\/?page_id=202"},"modified":"2016-02-03T22:54:28","modified_gmt":"2016-02-03T22:54:28","slug":"karboksyterapia","status":"publish","type":"page","link":"http:\/\/kwitnaca-wisnia.eu\/?page_id=202","title":{"rendered":"Karboksyterapia"},"content":{"rendered":"<h1 class=\"western\"><\/h1>\n<p style=\"text-align: left;\" align=\"JUSTIFY\"><span style=\"font-family: Tahoma, sans-serif;\">Karboksyterapia to rewolucyjna metoda pozwalaj\u0105ca osi\u0105gn\u0105\u0107 niezwyk\u0142e rezultaty terapeutyczne. Polega na wstrzykni\u0119ciu czystego CO2 przy pomocy urz\u0105dzenia \u2019\u2019pen\u201d. Szerokie spektrum dzia\u0142ania gazu pozwala na mnogo\u015b\u0107 zastosowa\u0144 leczniczych.<\/span><\/p>\n<p><span style=\"font-family: Tahoma, sans-serif;\"><b>Jak dzia\u0142a Karboksyterapia?<\/b><\/span><\/p>\n<p style=\"text-align: left;\" align=\"JUSTIFY\"><span style=\"font-family: Tahoma, sans-serif;\">Czysty CO2 jest wstrzykiwany w tkanki podsk\u00f3rne przez niewielk\u0105 ig\u0142\u0119. Przenika bez problem\u00f3w do tkanek okolicznych m.in. mi\u0119\u015bni i tkanki t\u0142uszczowej. CO2 wywo\u0142uje silne rozszerzenie drobnych naczy\u0144 krwiono\u015bnych oraz powstanie nowych kapilar. Zwi\u0119ksza przep\u0142yw krwi w tkance t\u0142uszczowej i mi\u0119\u015bniowej. W jego obecno\u015bci hemoglobina uwalnia wi\u0119cej tlenu i stymuluje naczynia w\u0142osowate.<\/span><\/p>\n<p style=\"text-align: left;\" align=\"JUSTIFY\"><span style=\"font-family: Tahoma, sans-serif;\">CO2 jest produkowany przez nasze kom\u00f3rki w wyniku spalania tlenu oraz wydalany przez p\u0142uca. Oznacza to, i\u017c jest wysoce oboj\u0119tny dla ka\u017cdego organizmu. Mo\u017cna \u015bmia\u0142o uzna\u0107 go za \u201eekologiczny\u201d, terapeutyczny czynnik.<\/span><\/p>\n<p style=\"text-align: left;\" align=\"JUSTIFY\"><span style=\"font-family: Tahoma, sans-serif;\">Karboksyterapia \u0142\u0105czy mechaniczny i chemiczny wp\u0142yw na kom\u00f3rki t\u0142uszczowe, co prowadzi do ich zniszczenia. Jest to najbardziej efektywna metoda redukcji cellulitu, jaka zosta\u0142a do tej pory wynaleziona.<\/span><\/p>\n<p><span style=\"font-family: Tahoma, sans-serif;\"><b>G\u0142\u00f3wne obszary zastosowa\u0144:<\/b><\/span><\/p>\n<ul>\n<li><span style=\"font-family: Tahoma, sans-serif;\">minimalizacja work\u00f3w i cieni pod oczami<\/span><\/li>\n<li><span style=\"font-family: Tahoma, sans-serif;\">redukcja podw\u00f3jnego podbr\u00f3dka<\/span><\/li>\n<li><span style=\"font-family: Tahoma, sans-serif;\">lifting twarzy<\/span><\/li>\n<li><span style=\"font-family: Tahoma, sans-serif;\">wzmocnienie naczynek na twarzy i ciele<\/span><\/li>\n<li><span style=\"font-family: Tahoma, sans-serif;\">redukcja intensywnego cellulitu &#8211; alternatywa do liposukcji<\/span><\/li>\n<li><span style=\"font-family: Tahoma, sans-serif;\">minimalizowanie rozst\u0119p\u00f3w<\/span><\/li>\n<li><span style=\"font-family: Tahoma, sans-serif;\">redukcja zmarszczek<\/span><\/li>\n<li><span style=\"font-family: Tahoma, sans-serif;\">przywracanie j\u0119drno\u015bci i elastyczno\u015bci sk\u00f3ry twarzy oraz ca\u0142ego cia\u0142a<\/span><\/li>\n<li><span style=\"font-family: Tahoma, sans-serif;\">redukcja bryczes\u00f3w<\/span><\/li>\n<li><span style=\"font-family: Tahoma, sans-serif;\">redukcja nadmiaru tkanki t\u0142uszczowej z okolic brzucha, n\u00f3g, kolan i \u0142ydek<\/span><\/li>\n<li><span style=\"font-family: Tahoma, sans-serif;\">wyg\u0142adzanie blizn<\/span><\/li>\n<li><span style=\"font-family: Tahoma, sans-serif;\">wzmocnienie i regeneracja cebulek w\u0142osowych oraz zapobieganie dalszej utracie w\u0142os\u00f3w<\/span><\/li>\n<\/ul>\n<p>&nbsp;<\/p>\n<h2 class=\"western\">Rewitalizacja sk\u00f3ry \u2013 twarz, szyja, dekolt i d\u0142onie<\/h2>\n<p>G\u0142\u00f3wnym celem karboksyterapii jest spowodowanie stymulacji proces\u00f3w maj\u0105cych na celu zwi\u0119kszenie ilo\u015bci kolagenu i elastyny w sk\u00f3rze. Wywo\u0142ana iniekcj\u0105 CO2 reakcja zapalna prowadzi do stymulacji produkcji kolagenu i odnowy kom\u00f3rek \u2013 ju\u017c kilka miesi\u0119cy p\u00f3\u017aniej rozpoczyna si\u0119 remodeling sk\u00f3ry z towarzysz\u0105cym kurczeniem si\u0119 w\u0142\u00f3kien kolagenowych co skutkuje zwi\u0119kszon\u0105 spr\u0119\u017cysto\u015bci\u0105 sk\u00f3ry, jej pogrubieniem, a tym samym odm\u0142odzeniem wygl\u0105du. Odnowienie kom\u00f3rek sk\u00f3ry i stymulacja syntezy kolagenu sk\u00f3rnego prowadzi do wyg\u0142adzenia powierzchni sk\u00f3ry i redukcji zmarszczek \u2013 co przek\u0142ada si\u0119 na widoczn\u0105 popraw\u0119 jako\u015bci sk\u00f3ry.<\/p>\n<h2 class=\"western\">Rewitalizacja okolic oczu<\/h2>\n<p>Dzi\u0119ki aplikacji CO2 w okolicach kont\u00f3r\u00f3w oczu uruchomionych zostaje kilka mechanizm\u00f3w wydatnie poprawiaj\u0105cych wygl\u0105d sk\u00f3ry. Jednymi z niewielu b\u0119d\u0105 \u2013 stymulacja produkcji kolagenu, przyspieszenie i usprawnienie procesu tworzenia nowych naczy\u0144 krwiono\u015bnych oraz rozja\u015bnienie sk\u00f3ry pod oczami.<\/p>\n<p align=\"JUSTIFY\"><span style=\"font-family: Tahoma, sans-serif;\">Zabieg karboksyterapii zalecamy w przypadku walki a workami i cieniami, zmarszczkami statycznymi oraz poduszeczkami t\u0142uszczowymi okolic oczu. Po 10 minutach mo\u017cna wr\u00f3ci\u0107 do codziennych zaj\u0119\u0107, bez siniaczk\u00f3w czy podra\u017cnienia.<\/span><\/p>\n<p align=\"JUSTIFY\"><span style=\"font-family: Tahoma, sans-serif;\">Zabieg karboksyterapii polecany jest zar\u00f3wno Paniom jak i Panom.<\/span><\/p>\n<h2 class=\"western\">Wskazania po zabiegu<\/h2>\n<p>\u2022 leczonego obszaru nie nale\u017cy rozciera\u0107 ani zanurza\u0107 w wodzie przez oko\u0142o 4 godziny po zabiegu<\/p>\n<p align=\"JUSTIFY\">\u2022 <span style=\"font-family: Tahoma, sans-serif;\">Nale\u017cy unika\u0107:<\/span><\/p>\n<ul>\n<li>\n<p align=\"JUSTIFY\"><span style=\"font-family: Tahoma, sans-serif;\">k\u0105pieli s\u0142onecznych i solarium przez min. 24h<\/span><\/p>\n<\/li>\n<li>\n<p align=\"JUSTIFY\"><span style=\"font-family: Tahoma, sans-serif;\">sauny, \u0142a\u017ani suchej i parowej, gor\u0105cych k\u0105pieli przez min. 24h od zabiegu<\/span><\/p>\n<\/li>\n<li>\n<p align=\"JUSTIFY\"><span style=\"font-family: Tahoma, sans-serif;\">zabieg\u00f3w z u\u017cyciem lasera przez przez min. 14 dni<\/span><\/p>\n<\/li>\n<li>\n<p align=\"JUSTIFY\"><span style=\"font-family: Tahoma, sans-serif;\">masa\u017cy i bia\u0142ej kosmetyki przez min. 48h<\/span><\/p>\n<\/li>\n<li>\n<p align=\"JUSTIFY\"><span style=\"font-family: Tahoma, sans-serif;\">zabieg\u00f3w z u\u017cyciem lasera, mikrodermabrazji, mezoterapii ig\u0142owej przez min. 14 dni<\/span><\/p>\n<\/li>\n<\/ul>\n<p align=\"JUSTIFY\"><span style=\"font-family: Tahoma, sans-serif;\">Pacjenci przyjmuj\u0105cy leki z kwasem acetylo-salicylowym powinni odstawi\u0107 go na 5 dni przed karboksyterapi\u0105.<\/span><\/p>\n<p align=\"JUSTIFY\"><span style=\"font-family: Tahoma, sans-serif;\">Zabieg nie wy\u0142\u0105cza pacjent\u00f3w z codziennej aktywno\u015bci i od razu po zabiegu mog\u0105 powr\u00f3ci\u0107 do pracy i codziennych zaj\u0119\u0107.<\/span><\/p>\n<p align=\"JUSTIFY\"><a href=\"http:\/\/kwitnaca-wisnia.eu\/wp-content\/uploads\/2015\/11\/Karboprzedipo.jpg\" data-rel=\"lightbox-image-0\" data-rl_title=\"\" data-rl_caption=\"\" title=\"\"><img loading=\"lazy\" decoding=\"async\" class=\"aligncenter size-full wp-image-569\" src=\"http:\/\/kwitnaca-wisnia.eu\/wp-content\/uploads\/2015\/11\/Karboprzedipo.jpg\" alt=\"Karboprzedipo\" width=\"712\" height=\"402\" srcset=\"http:\/\/kwitnaca-wisnia.eu\/wp-content\/uploads\/2015\/11\/Karboprzedipo.jpg 712w, http:\/\/kwitnaca-wisnia.eu\/wp-content\/uploads\/2015\/11\/Karboprzedipo-300x169.jpg 300w\" sizes=\"(max-width: 712px) 100vw, 712px\" \/><\/a><\/p>\n","protected":false},"excerpt":{"rendered":"<p>Karboksyterapia to rewolucyjna metoda pozwalaj\u0105ca osi\u0105gn\u0105\u0107 niezwyk\u0142e rezultaty terapeutyczne. Polega na wstrzykni\u0119ciu czystego CO2 przy pomocy urz\u0105dzenia \u2019\u2019pen\u201d. Szerokie spektrum dzia\u0142ania gazu pozwala na mnogo\u015b\u0107 zastosowa\u0144 leczniczych. Jak dzia\u0142a Karboksyterapia? Czysty CO2 jest wstrzykiwany w tkanki podsk\u00f3rne przez niewielk\u0105 ig\u0142\u0119. Przenika bez problem\u00f3w do tkanek okolicznych m.in. mi\u0119\u015bni i tkanki t\u0142uszczowej. CO2 wywo\u0142uje silne rozszerzenie [&hellip;]<\/p>\n","protected":false},"author":1,"featured_media":0,"parent":0,"menu_order":0,"comment_status":"closed","ping_status":"closed","template":"","meta":{"footnotes":""},"_links":{"self":[{"href":"http:\/\/kwitnaca-wisnia.eu\/index.php?rest_route=\/wp\/v2\/pages\/202"}],"collection":[{"href":"http:\/\/kwitnaca-wisnia.eu\/index.php?rest_route=\/wp\/v2\/pages"}],"about":[{"href":"http:\/\/kwitnaca-wisnia.eu\/index.php?rest_route=\/wp\/v2\/types\/page"}],"author":[{"embeddable":true,"href":"http:\/\/kwitnaca-wisnia.eu\/index.php?rest_route=\/wp\/v2\/users\/1"}],"replies":[{"embeddable":true,"href":"http:\/\/kwitnaca-wisnia.eu\/index.php?rest_route=%2Fwp%2Fv2%2Fcomments&post=202"}],"version-history":[{"count":5,"href":"http:\/\/kwitnaca-wisnia.eu\/index.php?rest_route=\/wp\/v2\/pages\/202\/revisions"}],"predecessor-version":[{"id":662,"href":"http:\/\/kwitnaca-wisnia.eu\/index.php?rest_route=\/wp\/v2\/pages\/202\/revisions\/662"}],"wp:attachment":[{"href":"http:\/\/kwitnaca-wisnia.eu\/index.php?rest_route=%2Fwp%2Fv2%2Fmedia&parent=202"}],"curies":[{"name":"wp","href":"https:\/\/api.w.org\/{rel}","templated":true}]}}