{"id":214,"date":"2015-10-16T11:49:29","date_gmt":"2015-10-16T11:49:29","guid":{"rendered":"http:\/\/kwitnaca-wisnia.eu\/?page_id=214"},"modified":"2025-10-29T11:54:26","modified_gmt":"2025-10-29T11:54:26","slug":"pielegnacja-domowa","status":"publish","type":"page","link":"http:\/\/kwitnaca-wisnia.eu\/?page_id=214","title":{"rendered":"Piel\u0119gnacja domowa"},"content":{"rendered":"\n<p>Tu znajdziesz <strong>wszystkie kosmetyki do piel\u0119gnacji twarzy w domu<\/strong> marki <strong>Dermia Solution<\/strong>. Kosmetyki dla mamy, kosmetyki dla m\u0119\u017cczyzn, kosmetyki dla nastolatk\u00f3w\u2026 Mamy je! Wszystkie kosmetyki s\u0105 testowane pod k\u0105tem piel\u0119gnacji sk\u00f3ry bardzo wra\u017cliwej i sk\u0142onnej do podra\u017cnie\u0144. S\u0105 w pe\u0142ni bezpieczne, r\u00f3wnie\u017c dla m\u0142odej sk\u00f3ry, co jest niezwykle wa\u017cne w piel\u0119gnacji sk\u00f3ry z tr\u0105dzikiem. Kosmetyki Dermia Solution zosta\u0142y stworzone w oparciu o 40 letnie do\u015bwiadczenie w bran\u017cy beauty. Sk\u0142adniki aktywne s\u0105 najwy\u017cszej jako\u015bci, <strong>bez\u00a0 SLS i SLES<\/strong>, <strong>bez sylikon\u00f3w<\/strong>, nadmiernej ilo\u015bci <strong>konserwant\u00f3w<\/strong> i <strong>alkoholu<\/strong> oraz du\u017cej ilo\u015bci <strong>barwnik\u00f3w<\/strong>, substancji <strong>zapachowych<\/strong> i substancji <strong>dra\u017cni\u0105cych<\/strong>. Dzi\u0119ki zastosowanej technologii podczas precyzyjnego doboru sk\u0142adnik\u00f3w aktywnych oraz sposobu ich wnikania wg\u0142\u0105b sk\u00f3ry, mo\u017cliwe jest dzia\u0142anie kosmetyk\u00f3w nie tylko w wierzchnich warstwach nask\u00f3rka, ale tak\u017ce g\u0142\u0119biej, w <strong>sk\u00f3rze w\u0142a\u015bciwej<\/strong>. Dzi\u0119ki temu dochodzi do stymulacji produkcji <strong>kolagenu<\/strong>, <strong>elastyny<\/strong> czy <strong>kwasu hialuronowego<\/strong>. Kosmetyki Dermia Solution to co\u015b wi\u0119cej ni\u017c <strong>krem na<\/strong> <strong>zmarszczki<\/strong>. Skupiamy si\u0119 na indywidualnych problemach sk\u00f3ry takich jak: <strong>sucha sk\u00f3ra<\/strong>, <strong>sk\u00f3ra t\u0142usta<\/strong>, <strong>tr\u0105dzik<\/strong>, t<strong>r\u0105dzik r\u00f3\u017cowaty<\/strong>, <strong>sk\u00f3ra z przebarwieniami<\/strong>, <strong>zmarszczki<\/strong>, <strong>sk\u00f3ra wra\u017cliwa<\/strong>, <strong>sk\u00f3ra naczyniowa<\/strong>, <strong>sk\u00f3ra podra\u017cniona<\/strong>. Kosmetyki do <strong>\u015bwiadomej piel\u0119gnacji sk\u00f3ry w domu<\/strong> zosta\u0142y podzielone na Mycie i demakija\u017c, Peeling, Sera, Kremy oraz Maski piel\u0119gnacyjne. Opr\u00f3cz tradycyjnych opakowa\u0144 z pompk\u0105 i s\u0142oiczk\u00f3w, mo\u017cesz kupi\u0107 r\u00f3wnie\u017c <strong>mini kosmetyki. <\/strong>Sprawdz\u0105 si\u0119 <strong>w podr\u00f3\u017cy<\/strong> lub jako tester, je\u015bli chwilowo borykasz si\u0119 np. z podra\u017cnieniem sk\u00f3ry, to r\u00f3wnie\u017c \u015bwietne rozwi\u0105zanie by nie kupowa\u0107 du\u017cego opakowania, a tylko mini kosmetyk, kt\u00f3ry pozwoli za\u0142agodzi\u0107 problem i pozwoli Ci wr\u00f3ci\u0107 do Twojej piel\u0119gnacji sk\u00f3ry w domu. Dzi\u0119ki systemowi wymiennych wk\u0142ad\u00f3w <strong>REFILL<\/strong>, kupujesz raz kosmetyk, a kolejny ju\u017c tylko jego uzupe\u0142nienie. Tym samym przyczyniasz si\u0119 do produkcji zmniejszonej ilo\u015bci <strong>odpad\u00f3w<\/strong>, a dodatkowo <strong>zaoszcz\u0119dzasz pieni\u0105dze<\/strong>. Nasz\u0105 misj\u0105 jest <strong><em>kreowanie zdrowej sk\u00f3ry<\/em><\/strong>, do\u0142\u0105cz do grona naszych zadowolonych klient\u00f3w. Je\u015bli masz pytania odno\u015bnie produkt\u00f3w, doboru kosmetyk\u00f3w zapraszam do naszego autoryzowanego <strong> gabinetu<\/strong>, gdzie mo\u017cesz wykona\u0107 zabieg Dermia Solution, zach\u0119camy do <a href=\"http:\/\/namito.protom.stronazen.pl\/kontakt\" target=\"_blank\" rel=\"noreferrer noopener\">kontaktu<\/a>. Pami\u0119taj, \u017ce \u015bwiadoma piel\u0119gnacja sk\u00f3ry w domu oraz <strong>profesjonalne zabiegi w autoryzowanym gabinecie Dermia Solution<\/strong> sprawi\u0105, \u017ce Twoja sk\u00f3ra b\u0119dzie zdrowa, stymulowana w prawid\u0142owy spos\u00f3b i pi\u0119kna.<\/p>\n","protected":false},"excerpt":{"rendered":"<p>Tu znajdziesz wszystkie kosmetyki do piel\u0119gnacji twarzy w domu marki Dermia Solution. Kosmetyki dla mamy, kosmetyki dla m\u0119\u017cczyzn, kosmetyki dla nastolatk\u00f3w\u2026 Mamy je! Wszystkie kosmetyki s\u0105 testowane pod k\u0105tem piel\u0119gnacji sk\u00f3ry bardzo wra\u017cliwej i sk\u0142onnej do podra\u017cnie\u0144. S\u0105 w pe\u0142ni bezpieczne, r\u00f3wnie\u017c dla m\u0142odej sk\u00f3ry, co jest niezwykle wa\u017cne w piel\u0119gnacji sk\u00f3ry z tr\u0105dzikiem. Kosmetyki [&hellip;]<\/p>\n","protected":false},"author":1,"featured_media":0,"parent":0,"menu_order":0,"comment_status":"closed","ping_status":"closed","template":"","meta":{"footnotes":""},"_links":{"self":[{"href":"http:\/\/kwitnaca-wisnia.eu\/index.php?rest_route=\/wp\/v2\/pages\/214"}],"collection":[{"href":"http:\/\/kwitnaca-wisnia.eu\/index.php?rest_route=\/wp\/v2\/pages"}],"about":[{"href":"http:\/\/kwitnaca-wisnia.eu\/index.php?rest_route=\/wp\/v2\/types\/page"}],"author":[{"embeddable":true,"href":"http:\/\/kwitnaca-wisnia.eu\/index.php?rest_route=\/wp\/v2\/users\/1"}],"replies":[{"embeddable":true,"href":"http:\/\/kwitnaca-wisnia.eu\/index.php?rest_route=%2Fwp%2Fv2%2Fcomments&post=214"}],"version-history":[{"count":2,"href":"http:\/\/kwitnaca-wisnia.eu\/index.php?rest_route=\/wp\/v2\/pages\/214\/revisions"}],"predecessor-version":[{"id":1864,"href":"http:\/\/kwitnaca-wisnia.eu\/index.php?rest_route=\/wp\/v2\/pages\/214\/revisions\/1864"}],"wp:attachment":[{"href":"http:\/\/kwitnaca-wisnia.eu\/index.php?rest_route=%2Fwp%2Fv2%2Fmedia&parent=214"}],"curies":[{"name":"wp","href":"https:\/\/api.w.org\/{rel}","templated":true}]}}