{"id":449,"date":"2015-11-04T09:56:49","date_gmt":"2015-11-04T09:56:49","guid":{"rendered":"http:\/\/kwitnaca-wisnia.eu\/?page_id=449"},"modified":"2026-02-26T12:05:40","modified_gmt":"2026-02-26T12:05:40","slug":"wyjatkowy-prezent","status":"publish","type":"page","link":"http:\/\/kwitnaca-wisnia.eu\/?page_id=449","title":{"rendered":"Wyj\u0105tkowy prezent"},"content":{"rendered":"<p><a href=\"http:\/\/kwitnaca-wisnia.eu\/wp-content\/uploads\/2015\/11\/kw_wi\u015bnia_bon_upominkowy11.jpg\" data-rel=\"lightbox-image-0\" data-rl_title=\"\" data-rl_caption=\"\" title=\"\"><img loading=\"lazy\" decoding=\"async\" class=\"aligncenter size-full wp-image-478\" src=\"http:\/\/kwitnaca-wisnia.eu\/wp-content\/uploads\/2015\/11\/kw_wi\u015bnia_bon_upominkowy11.jpg\" alt=\"kw_wi\u015bnia_bon_upominkowy1\" width=\"499\" height=\"239\" srcset=\"http:\/\/kwitnaca-wisnia.eu\/wp-content\/uploads\/2015\/11\/kw_wi\u015bnia_bon_upominkowy11.jpg 499w, http:\/\/kwitnaca-wisnia.eu\/wp-content\/uploads\/2015\/11\/kw_wi\u015bnia_bon_upominkowy11-300x144.jpg 300w\" sizes=\"(max-width: 499px) 100vw, 499px\" \/><\/a>Ju\u017c dzi\u015b obdarz ukochan\u0105 osob\u0119 wyj\u0105tkowym prezentem!<\/p>\n<p><!--more--><\/p>\n<p>Bony upominkowe upowa\u017cniaj\u0105ce do skorzystania z zabieg\u00f3w naszego gabinetu to warto\u015bciowy prezent dla tych, o kt\u00f3rych si\u0119 troszczysz. Pozw\u00f3l im odkry\u0107 zapomniane pi\u0119kno!<\/p>\n","protected":false},"excerpt":{"rendered":"<p>Ju\u017c dzi\u015b obdarz ukochan\u0105 osob\u0119 wyj\u0105tkowym prezentem!<\/p>\n","protected":false},"author":1,"featured_media":478,"parent":0,"menu_order":0,"comment_status":"closed","ping_status":"closed","template":"","meta":{"footnotes":""},"_links":{"self":[{"href":"http:\/\/kwitnaca-wisnia.eu\/index.php?rest_route=\/wp\/v2\/pages\/449"}],"collection":[{"href":"http:\/\/kwitnaca-wisnia.eu\/index.php?rest_route=\/wp\/v2\/pages"}],"about":[{"href":"http:\/\/kwitnaca-wisnia.eu\/index.php?rest_route=\/wp\/v2\/types\/page"}],"author":[{"embeddable":true,"href":"http:\/\/kwitnaca-wisnia.eu\/index.php?rest_route=\/wp\/v2\/users\/1"}],"replies":[{"embeddable":true,"href":"http:\/\/kwitnaca-wisnia.eu\/index.php?rest_route=%2Fwp%2Fv2%2Fcomments&post=449"}],"version-history":[{"count":2,"href":"http:\/\/kwitnaca-wisnia.eu\/index.php?rest_route=\/wp\/v2\/pages\/449\/revisions"}],"predecessor-version":[{"id":567,"href":"http:\/\/kwitnaca-wisnia.eu\/index.php?rest_route=\/wp\/v2\/pages\/449\/revisions\/567"}],"wp:featuredmedia":[{"embeddable":true,"href":"http:\/\/kwitnaca-wisnia.eu\/index.php?rest_route=\/wp\/v2\/media\/478"}],"wp:attachment":[{"href":"http:\/\/kwitnaca-wisnia.eu\/index.php?rest_route=%2Fwp%2Fv2%2Fmedia&parent=449"}],"curies":[{"name":"wp","href":"https:\/\/api.w.org\/{rel}","templated":true}]}}